0, k*t + 3*x - 141 = -3*t. Suppose 2*c + t = 5*c. What is the units digit of c?
9
What is the tens digit of (1/(-2))/((-3)/222)?
3
Suppose -5*u + 80 = 5*a, -4*u - 87 = -5*a - 16. Let v be (-26)/(-10) - (-6)/a. Suppose -h = -v*h + 12. What is the units digit of h?
6
Let l(c) = 39*c + 14. What is the tens digit of l(3)?
3
What is the tens digit of -2 - (3500/(-30) - (-2)/3)?
1
Suppose 3*d + 52 = z, 4*d + 4*z = 6*z - 72. Let p = 10 + d. Let c = 11 + p. What is the units digit of c?
5
Let v(w) = -w**3 - 6*w**2 + 9*w - 9. What is the tens digit of v(-8)?
4
Let a be 0*(-4)/8 - -75. What is the units digit of a/(-10)*(-3 - -1)?
5
Let i(c) = 3*c**2 - 7*c + 14. What is the tens digit of i(-10)?
8
Suppose 9*v - 4*v = 0. Suppose v = -r + 2 + 7. What is the units digit of r?
9
What is the tens digit of -6*-38*(-5)/(-15)?
7
Let v(f) be the third derivative of -f**6/120 - 2*f**5/15 - f**4/8 - 5*f**3/3 - 5*f**2. What is the tens digit of v(-8)?
1
Let d(h) = -3*h**3 + h**2. Suppose -1 = m - 0. What is the units digit of d(m)?
4
Let d(g) = 5*g + 0*g**3 - g**2 + 0*g - g**3 + 3. Let b(f) = 4*f + 21. Let l be b(-6). What is the units digit of d(l)?
6
Let t = 182 + -110. What is the tens digit of t?
7
Let x be (2 + -3 - -7) + 1. Suppose x*h = 4*h. Suppose m + m - 20 = h. What is the tens digit of m?
1
Suppose 0 = -0*b - 4*b + 12. What is the units digit of b*-8*(-3)/18?
4
Let s(m) = 13*m - 6. Let a be s(4). Suppose -5*y - a = -f - y, 71 = 2*f - y. What is the tens digit of f?
3
Let l = 12 + -12. Let z = l + 8. What is the units digit of z?
8
Let m(y) = y**2 - 9*y + 8. What is the tens digit of m(10)?
1
Let k(y) = y**3 - 4*y**2 + 4. Let w be k(4). Let z = 41 - 25. Suppose -2*t = w - z. What is the units digit of t?
6
Let n(j) = -j**2 - 6*j + 5. Let a be n(-6). What is the tens digit of (-2)/5 - (-52)/a?
1
Suppose 4*v + 281 = 5*y + 101, 36 = y + v. What is the tens digit of y?
3
Suppose 36 = 2*s + 2*y + 2*y, 4*y = 5*s - 34. Let m be ((-8)/s)/((-14)/(-105)). What is the units digit of 6/(5/((-15)/m))?
3
Let z(m) = m**3 + 7*m**2 - 5*m - 4. What is the units digit of z(-4)?
4
Let b = -41 - -18. Let w = 41 + b. What is the units digit of w?
8
What is the tens digit of (-3 - (-2 - 0) - 4)*-11?
5
Let h be (5/(-3))/((-3)/9). Suppose h*m = 34 - 9. Suppose -2*v - 5 = -3*v, m*p + 3*v = 30. What is the units digit of p?
3
Let o(c) = c**3 + 2*c**2 - 5*c - 3. Let p be o(-3). Let k be 1/(3*p/675). Suppose 6*u - u - k = 0. What is the tens digit of u?
1
Let y be -5 + 2*3/(-2). Let g = -4 - y. What is the units digit of g?
4
Let g be ((-150)/12)/(2/4). Let y be ((-80)/g)/((-2)/(-10)). Suppose y = 5*l - n, 3*l - l - 2 = -4*n. What is the units digit of l?
3
What is the tens digit of 22/(-121) - 365/(-11)?
3
Let x = -19 + 46. What is the units digit of x?
7
Let b(z) be the second derivative of z**3/6 + 19*z**2/2 - 4*z. What is the units digit of b(-10)?
9
Let t(q) = -q**2 - 9*q + 14. Let c be t(-10). Suppose f + 12 = 5*p, -c = 2*p + 5*f + 2. What is the units digit of p?
2
Suppose -5*c + 3*r - 11 = 0, -6 + 16 = -2*c + 4*r. Let x be c/(-2)*0/(-2). Suppose k = 3*j - k - 14, -3*j - 2*k - 2 = x. What is the units digit of j?
2
Let t = -55 - -88. What is the units digit of t?
3
Let s be ((-36)/(-10))/((-12)/(-40)). What is the units digit of (3 - (-2 + s))/(-1)?
7
Let l(t) = 21*t + 11. What is the hundreds digit of l(12)?
2
Let n = 1 - 3. Let u be (-23)/n - (-1)/2. Suppose r + 2*w - u = 0, -w = 5*r + w - 44. What is the units digit of r?
8
Suppose -n = -6*n + 30. What is the units digit of n?
6
Let g be (20/8)/((-2)/(-4)). Suppose -23 = -g*a + 2. What is the units digit of a?
5
Let t(v) = -v**2 - 6*v + 6. Let x be t(-7). Let k be 65/20 + x/4. Suppose -4*j + a = -0*a - 10, k*j - 1 = 4*a. What is the units digit of j?
3
Let c(u) = 54*u - 1. What is the units digit of c(2)?
7
Suppose -10*z - 101 = -11*z. What is the tens digit of z?
0
Suppose 3 = 2*d - 5. Suppose h - 9 = -d. Suppose -29 = -h*x - 3*f, 5*f = -12 + 2. What is the units digit of x?
7
Let x be 2 - -1 - (3 - 2). Suppose x*w - 24 = -2*w. What is the units digit of w?
6
Suppose -x - 8 = -5*x. Suppose 5*g - 134 = -3*k, 3*g - k = x*k + 90. What is the tens digit of g?
2
Suppose -3288 + 39 = -9*x. What is the hundreds digit of x?
3
Suppose -2*h + 7*h - 152 = 4*j, 5*j + 118 = 4*h. Suppose 2*k - 12 + h = 0. Let s = k + 16. What is the units digit of s?
6
Let q(k) = k + 17. What is the tens digit of q(-7)?
1
Let m = -15 - -33. What is the units digit of m?
8
Suppose -g - 4*g = 170. Let s = 49 + g. What is the units digit of s?
5
Let t(u) = -2 + 4*u**2 + 2*u + 2*u**2 - 3*u**2. Let h = 2 - 4. What is the units digit of t(h)?
6
Let x(b) = -b - 4. Let d be x(-4). Suppose q - 2*q = d. Suppose q = -5*r + 5. What is the units digit of r?
1
Let q(n) = n**2 - 3*n - 14. Let x be q(6). Suppose -2*m - 3*s + 41 = 2*s, -4*m - 4*s = -76. What is the units digit of (-1)/x + m/8?
2
Let c = -102 + 391. What is the hundreds digit of c?
2
Let y be (-3)/(-2)*(-4)/3. What is the units digit of y/(-9) - 61/(-9)?
7
What is the units digit of (145/15)/((-2)/(-12))?
8
Let g(y) = 12*y**2 - 10*y - 4. What is the units digit of g(3)?
4
Let i(g) = -2 - g - 1 - g. Suppose -2*v + u - 13 = -0, -4*v = u + 11. What is the units digit of i(v)?
5
Let h(x) = x**3 + x**2 - x + 11. What is the units digit of h(0)?
1
Let m(g) = 31*g**3 + g + 2. Let q be m(-1). What is the tens digit of 190/q*(1 + -4)?
1
Let c(r) = r**2 + 6*r + 7. Let t be c(-5). Suppose 0*b = -b + t. What is the units digit of (b/4)/((-1)/(-16))?
8
Let g(u) be the first derivative of u**3/3 - 11*u**2/2 + 12*u - 4. What is the tens digit of g(11)?
1
Let a be (-3)/6 + (-1)/(-2). Let i be a/(1 - -1) - -22. Suppose 5*v + 7 = 2*b - 2, -3*b = v - i. What is the units digit of b?
7
Suppose 3 = -2*p + 7. Suppose -k + p = -0*k. Suppose -3*h - k*c + c = -4, -5*c + 4 = -h. What is the units digit of h?
1
Let k be ((-4)/4)/((-2)/10). Suppose 0 = -2*t - 5*w + 83, -3*t - 2*w + 72 = -k*w. What is the tens digit of t?
2
What is the units digit of -2 + 33 - 0/4?
1
Suppose 3*h - 8 + 1 = -2*y, -h - 4*y = 1. Suppose -8*v + 55 = -h*v. Suppose s - 32 + v = 0. What is the units digit of s?
1
Let l be (-5)/(5/(-4)) + -3. Suppose -2*i + l + 5 = 0. What is the units digit of i?
3
Let o(z) = -46*z - 2. What is the units digit of o(-2)?
0
Let d be 1 + 2 - (-8 - -7). Suppose 2*j + d*g - 156 = -2*j, 4*j = -5*g + 158. What is the units digit of j?
7
Suppose -3*g - 4*t - 49 = -5*t, 5*t - 5 = 0. Let f(n) = n + 1. Let s be f(-5). What is the units digit of 106/8 - s/g?
3
Let f(v) = -v**2 + 5*v - 5. Let h be f(4). Let i(z) = -1 - 3 + 4 - 1 + 6*z**2. What is the units digit of i(h)?
5
Suppose 3*v + 5*l - 131 = 0, 43 + 14 = v - l. What is the tens digit of v?
5
Let w = -42 + 88. What is the tens digit of w?
4
Let i(c) = 8*c**2 - 2*c - 2. Let f be i(2). Let l = f - 17. What is the units digit of l?
9
Let x be (-1)/3 - 1/(-3). Let n = x - 2. What is the tens digit of (n - -12) + 4 + -3?
1
Let q(f) = -f**3 + f**2 + f - 1. Let r be q(2). Suppose -c + 75 = -4*d - 2*c, c = d + 15. What is the units digit of (1/r)/(3/d)?
2
Let x be 7 - 1/((-2)/(-6)). Let a(g) = 7*g - g + 2*g**2 - g**3 - 4 + g**2. What is the units digit of a(x)?
4
Let p = 0 - -5. Suppose 5*w + p*r = 40, -5*r + 0*r = 3*w - 16. What is the units digit of w?
2
Suppose 3*x = -9, 2*d + 2*x - 1 = -3. Let a = 6 + d. Let p(g) = 2*g - 7. What is the units digit of p(a)?
9
Let g(q) = -q**3 - 8*q**2 - 2*q + 3. Let v be g(-8). What is the units digit of v/7 - (-4)/14?
3
Let t = -2 - -4. Suppose -h - o = o - 8, -6 = -t*h + o. Suppose 5*i = 3*d - 28, -d + 3*d + h*i + 18 = 0. What is the units digit of d?
1
What is the hundreds digit of (1/3 + 402/(-18))*-8?
1
Suppose 0*i = 3*i - 81. Suppose -5*s - i = -5*x + 3, x - 18 = 4*s. Suppose -2*o + 4*f + 16 = 0, o - 7*f + x*f - 17 = 0. What is the units digit of o?
2
Let v(w) = w**2 + 10*w + 10. Let p be v(-8). Let m = -2 - p. What is the units digit of m?
4
Suppose 4*y = -a + 3*y + 35, -2*y - 175 = -5*a. What is the units digit of a?
5
Suppose 0 = 5*o - 0*o - 10. What is the units digit of o?
2
Let u be 76/(-6) + (-1)/3. Let k = -19 - u. Let o = -2 - k. What is the units digit of o?
4
Let j be ((-15)/6)/5*2. Let i be 4/(-12)*15/j. Suppose 0*c + 2*c + 10 =